{"id":11001,"date":"2018-05-23T15:29:22","date_gmt":"2018-05-23T18:29:22","guid":{"rendered":"http:\/\/sindesvdf.com.br\/news\/?page_id=11001"},"modified":"2019-08-27T14:43:23","modified_gmt":"2019-08-27T17:43:23","slug":"parcerias-na-area-de-educacao-2","status":"publish","type":"page","link":"https:\/\/sindesvdf.com.br\/news\/parcerias-na-area-de-educacao-2\/","title":{"rendered":"Benef\u00edcios"},"content":{"rendered":"<p><img loading=\"lazy\" decoding=\"async\" class=\"size-large wp-image-11002 aligncenter\" src=\"http:\/\/sindesvdf.com.br\/news\/wp-content\/uploads\/2018\/05\/benef\u00edcios-01-790x133.png\" alt=\"\" width=\"790\" height=\"133\" srcset=\"https:\/\/sindesvdf.com.br\/news\/wp-content\/uploads\/2018\/05\/benef\u00edcios-01-790x133.png 790w, https:\/\/sindesvdf.com.br\/news\/wp-content\/uploads\/2018\/05\/benef\u00edcios-01-300x50.png 300w, https:\/\/sindesvdf.com.br\/news\/wp-content\/uploads\/2018\/05\/benef\u00edcios-01-768x129.png 768w, https:\/\/sindesvdf.com.br\/news\/wp-content\/uploads\/2018\/05\/benef\u00edcios-01-150x25.png 150w, https:\/\/sindesvdf.com.br\/news\/wp-content\/uploads\/2018\/05\/benef\u00edcios-01-250x42.png 250w\" sizes=\"auto, (max-width: 790px) 100vw, 790px\" \/><\/p>\n<p>&nbsp;<\/p>\n<p style=\"text-align: center;\"><span style=\"font-size: 18pt;\"><strong>Jornal Olho Vivo<\/strong><\/span><\/p>\n<p style=\"text-align: center;\"><a href=\"https:\/\/sindesvdf.com.br\/news\/?p=13134\"><strong><img loading=\"lazy\" decoding=\"async\" class=\"aligncenter wp-image-10681\" src=\"http:\/\/sindesvdf.com.br\/news\/wp-content\/uploads\/2018\/04\/Olho_Vivo_Logo-e1527173899137-300x50.png\" alt=\"\" width=\"500\" height=\"84\" srcset=\"https:\/\/sindesvdf.com.br\/news\/wp-content\/uploads\/2018\/04\/Olho_Vivo_Logo-e1527173899137-300x50.png 300w, https:\/\/sindesvdf.com.br\/news\/wp-content\/uploads\/2018\/04\/Olho_Vivo_Logo-e1527173899137-768x128.png 768w, https:\/\/sindesvdf.com.br\/news\/wp-content\/uploads\/2018\/04\/Olho_Vivo_Logo-e1527173899137-790x132.png 790w, https:\/\/sindesvdf.com.br\/news\/wp-content\/uploads\/2018\/04\/Olho_Vivo_Logo-e1527173899137-150x25.png 150w, https:\/\/sindesvdf.com.br\/news\/wp-content\/uploads\/2018\/04\/Olho_Vivo_Logo-e1527173899137-250x42.png 250w, https:\/\/sindesvdf.com.br\/news\/wp-content\/uploads\/2018\/04\/Olho_Vivo_Logo-e1527173899137.png 1250w\" sizes=\"auto, (max-width: 500px) 100vw, 500px\" \/><span style=\"font-size: 12pt;\">Jornal Olho Vivo (Arquivo)<\/span><\/strong><\/a><\/p>\n<p><span style=\"font-size: 14pt;\">O\u00a0<strong>Sindesv-DF<\/strong>\u00a0possui um dos mais respeitados informativos do meio sindical, o\u00a0<strong>OLHO VIVO<\/strong>, que traz informa\u00e7\u00f5es da \u00e1rea de vigil\u00e2ncia. Al\u00e9m disso est\u00e1 sempre informando os Vigilantes a respeito de seus direitos.<\/span><\/p>\n<hr \/>\n<p style=\"text-align: center;\"><span style=\"font-size: 18pt;\"><strong>\u00c1rea de Lazer<\/strong><\/span><strong><a href=\"http:\/\/sindesvdf.com.br\/news\/?page_id=109\" rel=\"noopener\"><img loading=\"lazy\" decoding=\"async\" class=\"aligncenter wp-image-10553\" src=\"http:\/\/sindesvdf.com.br\/news\/wp-content\/uploads\/2018\/04\/\u00e1rea-de-lazer-01-300x50.jpg\" alt=\"\" width=\"500\" height=\"83\" srcset=\"https:\/\/sindesvdf.com.br\/news\/wp-content\/uploads\/2018\/04\/\u00e1rea-de-lazer-01-300x50.jpg 300w, https:\/\/sindesvdf.com.br\/news\/wp-content\/uploads\/2018\/04\/\u00e1rea-de-lazer-01-768x128.jpg 768w, https:\/\/sindesvdf.com.br\/news\/wp-content\/uploads\/2018\/04\/\u00e1rea-de-lazer-01-790x131.jpg 790w, https:\/\/sindesvdf.com.br\/news\/wp-content\/uploads\/2018\/04\/\u00e1rea-de-lazer-01-150x25.jpg 150w, https:\/\/sindesvdf.com.br\/news\/wp-content\/uploads\/2018\/04\/\u00e1rea-de-lazer-01-250x42.jpg 250w, https:\/\/sindesvdf.com.br\/news\/wp-content\/uploads\/2018\/04\/\u00e1rea-de-lazer-01.jpg 1250w\" sizes=\"auto, (max-width: 500px) 100vw, 500px\" \/><\/a><span style=\"font-size: 12pt;\"><a href=\"http:\/\/sindesvdf.com.br\/news\/?page_id=109\" rel=\"noopener\">\u00c1rea de Lazer<\/a><\/span><\/strong><\/p>\n<p style=\"text-align: start;\"><span style=\"font-size: 14pt;\">O Sindesv-DF tem uma \u00e1rea de lazer\u00a0<em><strong>somente para o<\/strong><\/em>\u00a0<em><strong>Vigilante filiado ao Sindicato\u00a0e seus dependentes<\/strong><\/em>, com sal\u00e3o de festas, churrasqueiras, piscinas para adultos e crian\u00e7as, muita sombra, quadras de esportes, parquinhos infantis e campo de futebol.<\/span><\/p>\n<hr \/>\n<p style=\"text-align: center;\"><span style=\"font-size: 18pt;\"><strong>Assessoria Jur\u00eddica<\/strong><\/span><\/p>\n<p style=\"text-align: start;\"><img loading=\"lazy\" decoding=\"async\" class=\"aligncenter wp-image-10543\" src=\"http:\/\/sindesvdf.com.br\/news\/wp-content\/uploads\/2018\/04\/assessoria-01-300x50.jpg\" alt=\"\" width=\"500\" height=\"83\" srcset=\"https:\/\/sindesvdf.com.br\/news\/wp-content\/uploads\/2018\/04\/assessoria-01-300x50.jpg 300w, https:\/\/sindesvdf.com.br\/news\/wp-content\/uploads\/2018\/04\/assessoria-01-768x128.jpg 768w, https:\/\/sindesvdf.com.br\/news\/wp-content\/uploads\/2018\/04\/assessoria-01-790x131.jpg 790w, https:\/\/sindesvdf.com.br\/news\/wp-content\/uploads\/2018\/04\/assessoria-01-150x25.jpg 150w, https:\/\/sindesvdf.com.br\/news\/wp-content\/uploads\/2018\/04\/assessoria-01-250x42.jpg 250w, https:\/\/sindesvdf.com.br\/news\/wp-content\/uploads\/2018\/04\/assessoria-01.jpg 1250w\" sizes=\"auto, (max-width: 500px) 100vw, 500px\" \/><\/p>\n<p style=\"text-align: left;\"><span style=\"font-size: 14pt;\">Assessoria Jur\u00eddica\u00a0<strong>GRATUITA\u00a0somente para o Vigilante filiado ao Sindicato<\/strong>\u00a0com a melhor equipe de advogados de Bras\u00edlia nas \u00e1reas trabalhista, criminal e previdenci\u00e1ria.<\/span><\/p>\n<p style=\"text-align: left;\"><span style=\"font-size: 14pt;\">Telefones:<\/span><br \/>\n<span style=\"font-size: 14pt;\"><strong>Trabalhista\u00a0\u2013<\/strong>\u00a0<strong>3214-5300 |\u00a03225-6214<br \/>\nCriminal\u00a0\u2013\u00a0\u00a0<\/strong><strong>3224-2052\u00a0<em>(Ramal: 210)<\/em><\/strong><\/span><br \/>\n<span style=\"font-size: 14pt;\"><strong>Previdenci\u00e1rio<\/strong>\u00a0<strong>\u2013<\/strong>\u00a0<strong>3224-2052\u00a0<em>(Ramal:\u00a0221)<\/em><\/strong><\/span><\/p>\n<hr \/>\n<p style=\"text-align: center;\"><span style=\"font-size: 18pt;\"><strong>Atendimento Psicol\u00f3gico<\/strong><\/span><\/p>\n<p><img loading=\"lazy\" decoding=\"async\" class=\"aligncenter wp-image-10580\" src=\"http:\/\/sindesvdf.com.br\/news\/wp-content\/uploads\/2018\/04\/ATENDIMENTO-PSICOLO-01-300x50.jpg\" alt=\"\" width=\"500\" height=\"83\" srcset=\"https:\/\/sindesvdf.com.br\/news\/wp-content\/uploads\/2018\/04\/ATENDIMENTO-PSICOLO-01-300x50.jpg 300w, https:\/\/sindesvdf.com.br\/news\/wp-content\/uploads\/2018\/04\/ATENDIMENTO-PSICOLO-01-768x128.jpg 768w, https:\/\/sindesvdf.com.br\/news\/wp-content\/uploads\/2018\/04\/ATENDIMENTO-PSICOLO-01-790x131.jpg 790w, https:\/\/sindesvdf.com.br\/news\/wp-content\/uploads\/2018\/04\/ATENDIMENTO-PSICOLO-01-150x25.jpg 150w, https:\/\/sindesvdf.com.br\/news\/wp-content\/uploads\/2018\/04\/ATENDIMENTO-PSICOLO-01-250x42.jpg 250w, https:\/\/sindesvdf.com.br\/news\/wp-content\/uploads\/2018\/04\/ATENDIMENTO-PSICOLO-01.jpg 1250w\" sizes=\"auto, (max-width: 500px) 100vw, 500px\" \/><\/p>\n<p><span style=\"font-size: 14pt;\">Atendimento Psicol\u00f3gico gratuito somente para o vigilante filiado ao Sindicato, portador de transtorno de ansiedade e bipolaridade, depress\u00e3o, v\u00edtima de ass\u00e9dio moral e TOC (Transtorno Obsessivo Compulsivo).<\/span><\/p>\n<p style=\"text-align: center;\"><span style=\"font-size: 14pt;\"><strong>Dr\u00aa Sandra Studart<br \/>\nTelefone: 99157-5700 (Whatsapp)<\/strong><\/span><\/p>\n<p>&nbsp;<\/p>\n<hr \/>\n<p style=\"text-align: center;\"><span style=\"color: #ff0000;\"><strong>SindesvDF<\/strong> <\/span>&#8211; <em>Sempre Vigilante em Defesa da Categoria<\/em><\/p>\n<p class=\"wpf_wrapper\"><a class=\"print_link\" href=\"\" target=\"_blank\">Preparar para impress\u00e3o<\/a><\/p><!-- .wpf_wrapper -->","protected":false},"excerpt":{"rendered":"<p>&nbsp; Jornal Olho Vivo Jornal Olho Vivo (Arquivo) O\u00a0Sindesv-DF\u00a0possui um dos mais respeitados informativos do meio sindical, o\u00a0OLHO VIVO, que&hellip; <\/p>\n","protected":false},"author":1,"featured_media":0,"parent":0,"menu_order":0,"comment_status":"closed","ping_status":"closed","template":"","meta":{"footnotes":""},"class_list":["post-11001","page","type-page","status-publish","hentry"],"_links":{"self":[{"href":"https:\/\/sindesvdf.com.br\/news\/wp-json\/wp\/v2\/pages\/11001","targetHints":{"allow":["GET"]}}],"collection":[{"href":"https:\/\/sindesvdf.com.br\/news\/wp-json\/wp\/v2\/pages"}],"about":[{"href":"https:\/\/sindesvdf.com.br\/news\/wp-json\/wp\/v2\/types\/page"}],"author":[{"embeddable":true,"href":"https:\/\/sindesvdf.com.br\/news\/wp-json\/wp\/v2\/users\/1"}],"replies":[{"embeddable":true,"href":"https:\/\/sindesvdf.com.br\/news\/wp-json\/wp\/v2\/comments?post=11001"}],"version-history":[{"count":25,"href":"https:\/\/sindesvdf.com.br\/news\/wp-json\/wp\/v2\/pages\/11001\/revisions"}],"predecessor-version":[{"id":13456,"href":"https:\/\/sindesvdf.com.br\/news\/wp-json\/wp\/v2\/pages\/11001\/revisions\/13456"}],"wp:attachment":[{"href":"https:\/\/sindesvdf.com.br\/news\/wp-json\/wp\/v2\/media?parent=11001"}],"curies":[{"name":"wp","href":"https:\/\/api.w.org\/{rel}","templated":true}]}}