{"id":11442,"date":"2018-08-02T16:37:58","date_gmt":"2018-08-02T19:37:58","guid":{"rendered":"http:\/\/sindesvdf.com.br\/news\/?page_id=11442"},"modified":"2022-11-10T14:56:00","modified_gmt":"2022-11-10T17:56:00","slug":"parcerias","status":"publish","type":"page","link":"https:\/\/sindesvdf.com.br\/news\/parcerias\/","title":{"rendered":"Outras Parcerias"},"content":{"rendered":"<p style=\"text-align: center;\"><img loading=\"lazy\" decoding=\"async\" class=\"aligncenter wp-image-11438 size-large\" src=\"http:\/\/sindesvdf.com.br\/news\/wp-content\/uploads\/2018\/08\/Romma-790x453.jpg\" alt=\"\" width=\"790\" height=\"453\" srcset=\"https:\/\/sindesvdf.com.br\/news\/wp-content\/uploads\/2018\/08\/Romma-790x453.jpg 790w, https:\/\/sindesvdf.com.br\/news\/wp-content\/uploads\/2018\/08\/Romma-300x172.jpg 300w, https:\/\/sindesvdf.com.br\/news\/wp-content\/uploads\/2018\/08\/Romma-768x440.jpg 768w, https:\/\/sindesvdf.com.br\/news\/wp-content\/uploads\/2018\/08\/Romma-150x86.jpg 150w, https:\/\/sindesvdf.com.br\/news\/wp-content\/uploads\/2018\/08\/Romma-250x143.jpg 250w, https:\/\/sindesvdf.com.br\/news\/wp-content\/uploads\/2018\/08\/Romma.jpg 1280w\" sizes=\"auto, (max-width: 790px) 100vw, 790px\" \/><br \/>\n<a href=\"http:\/\/www.rommaeletronica.com.br\">rommaeletronica.com.br<\/a><\/p>\n<p><span style=\"font-size: 14pt;\">Descontos especiais aos vigilantes filiados ao Sindicato e seus dependentes.<\/span><\/p>\n<p><span style=\"font-size: 14pt;\"><strong>30%<\/strong> de desconto na instala\u00e7\u00e3o do modulo rastreador;<\/span><br \/>\n<span style=\"font-size: 14pt;\"><strong>15%<\/strong> de desconto na mensalidade de rastreamento por ve\u00edculo.<\/span><\/p>\n<p><span style=\"font-size: 14pt;\"><strong>(61) 3233 4000<br \/>\n<\/strong>SAAN Quadra 03 Lote 320 Parte B &#8211; Bras\u00edlia DF<\/span><strong><br \/>\n<\/strong><\/p>\n<p style=\"text-align: center;\"><span style=\"color: #ff0000;\"><em><strong>PEGAR AUTORIZA\u00c7\u00c3O NO SINDICATO<\/strong><\/em><\/span><\/p>\n<hr \/>\n<p><img loading=\"lazy\" decoding=\"async\" class=\"aligncenter wp-image-16251 size-medium\" src=\"https:\/\/sindesvdf.com.br\/news\/wp-content\/uploads\/2022\/11\/ABN-INDENIZACOES-300x300.png\" alt=\"\" width=\"300\" height=\"300\" srcset=\"https:\/\/sindesvdf.com.br\/news\/wp-content\/uploads\/2022\/11\/ABN-INDENIZACOES-300x300.png 300w, https:\/\/sindesvdf.com.br\/news\/wp-content\/uploads\/2022\/11\/ABN-INDENIZACOES-150x150.png 150w, https:\/\/sindesvdf.com.br\/news\/wp-content\/uploads\/2022\/11\/ABN-INDENIZACOES.png 500w\" sizes=\"auto, (max-width: 300px) 100vw, 300px\" \/><\/p>\n<p><span style=\"font-size: 14pt;\">A ABN Indeniza\u00e7\u00f5es \u00e9 uma empresa que est\u00e1 h\u00e1 10 anos no mercado. Oferece informa\u00e7\u00e3o \u00fatil e assessoria completa nos processos de indeniza\u00e7\u00e3o decorrentes de acidentes de qualquer natureza.<\/span><\/p>\n<p><span style=\"font-size: 14pt;\">Para o vigilante associado ao SINDESV-DF, a empresa fornece gratuitamente o servi\u00e7o de Seguro DPVAT, oferece todo acompanhamento necess\u00e1rio e assim, garante que o beneficiado receba o valor que tem direito.<\/span><\/p>\n<p><span style=\"font-size: 14pt;\"><strong>Telefone:<\/strong> (61) 3037-2400<\/span><\/p>\n<p><span style=\"font-size: 14pt;\"><strong>Endere\u00e7o:<\/strong> SRTVS, Qd 701, Lt 38 \u2013 Bloco 1 \u2013 Sala 132 \u2013 Centro Empresarial Assis Chateaubriand \u2013 Asa Sul \u2013 Brasilia-DF \u2013\u00a0 (ao lado do Hospital Sarah kubitschek)<\/span><\/p>\n<p><img loading=\"lazy\" decoding=\"async\" class=\"aligncenter size-large wp-image-16253\" src=\"https:\/\/sindesvdf.com.br\/news\/wp-content\/uploads\/2022\/11\/ABN-731x1024.jpeg\" alt=\"\" width=\"731\" height=\"1024\" srcset=\"https:\/\/sindesvdf.com.br\/news\/wp-content\/uploads\/2022\/11\/ABN-731x1024.jpeg 731w, https:\/\/sindesvdf.com.br\/news\/wp-content\/uploads\/2022\/11\/ABN-214x300.jpeg 214w, https:\/\/sindesvdf.com.br\/news\/wp-content\/uploads\/2022\/11\/ABN-768x1076.jpeg 768w, https:\/\/sindesvdf.com.br\/news\/wp-content\/uploads\/2022\/11\/ABN.jpeg 914w\" sizes=\"auto, (max-width: 731px) 100vw, 731px\" \/><\/p>\n<p>&nbsp;<\/p>\n<p style=\"text-align: center;\"><span style=\"color: #ff0000;\"><em><strong>PEGAR AUTORIZA\u00c7\u00c3O NO SINDICATO<\/strong><\/em><\/span><\/p>\n<hr \/>\n<p style=\"text-align: center;\"><span style=\"color: #ff0000;\"><strong>SindesvDF<\/strong> <\/span>&#8211; <em>Sempre Vigilante em Defesa da Categoria<\/em><\/p>\n<p class=\"wpf_wrapper\"><a class=\"print_link\" href=\"\" target=\"_blank\">Preparar para impress\u00e3o<\/a><\/p><!-- .wpf_wrapper -->","protected":false},"excerpt":{"rendered":"<p>rommaeletronica.com.br Descontos especiais aos vigilantes filiados ao Sindicato e seus dependentes. 30% de desconto na instala\u00e7\u00e3o do modulo rastreador; 15%&hellip; <\/p>\n","protected":false},"author":1,"featured_media":0,"parent":0,"menu_order":0,"comment_status":"closed","ping_status":"closed","template":"","meta":{"footnotes":""},"class_list":["post-11442","page","type-page","status-publish","hentry"],"_links":{"self":[{"href":"https:\/\/sindesvdf.com.br\/news\/wp-json\/wp\/v2\/pages\/11442","targetHints":{"allow":["GET"]}}],"collection":[{"href":"https:\/\/sindesvdf.com.br\/news\/wp-json\/wp\/v2\/pages"}],"about":[{"href":"https:\/\/sindesvdf.com.br\/news\/wp-json\/wp\/v2\/types\/page"}],"author":[{"embeddable":true,"href":"https:\/\/sindesvdf.com.br\/news\/wp-json\/wp\/v2\/users\/1"}],"replies":[{"embeddable":true,"href":"https:\/\/sindesvdf.com.br\/news\/wp-json\/wp\/v2\/comments?post=11442"}],"version-history":[{"count":14,"href":"https:\/\/sindesvdf.com.br\/news\/wp-json\/wp\/v2\/pages\/11442\/revisions"}],"predecessor-version":[{"id":16252,"href":"https:\/\/sindesvdf.com.br\/news\/wp-json\/wp\/v2\/pages\/11442\/revisions\/16252"}],"wp:attachment":[{"href":"https:\/\/sindesvdf.com.br\/news\/wp-json\/wp\/v2\/media?parent=11442"}],"curies":[{"name":"wp","href":"https:\/\/api.w.org\/{rel}","templated":true}]}}