{"id":2566,"date":"2014-08-11T18:11:34","date_gmt":"2014-08-11T21:11:34","guid":{"rendered":"http:\/\/sindesvdf.com.br\/news\/?page_id=2566"},"modified":"2022-03-14T14:54:40","modified_gmt":"2022-03-14T17:54:40","slug":"demonstrativo-de-gastos-com-plano-de-saude-para-ir","status":"publish","type":"page","link":"https:\/\/sindesvdf.com.br\/news\/demonstrativo-de-gastos-com-plano-de-saude-para-ir\/","title":{"rendered":"Demonstrativo de gastos com Plano de Sa\u00fade para IRPF"},"content":{"rendered":"\r\n<p style=\"text-align: center;\"><span style=\"color: #800000; font-size: 24px;\"><strong>Para emitir o demostrativo de gastos com Plano de Sa\u00fade para fins de declara\u00e7\u00e3o de Imposto de Renda clique no bot\u00e3o abaixo:<\/strong><\/span><\/p>\r\n\r\n\r\n\r\n<p>&nbsp;<\/p>\r\n<figure class=\"wp-block-image is-resized\"><a href=\"https:\/\/sindesvdf.com.br\/news\/irpf\/\" target=\"_blank\" rel=\"noopener noreferrer\"><img loading=\"lazy\" decoding=\"async\" class=\"alignnone wp-image-12317\" src=\"http:\/\/sindesvdf.com.br\/news\/wp-content\/uploads\/2019\/03\/button_informe-de-pagamento-irpf-plano-de-saude.png\" alt=\"\" width=\"745\" height=\"56\" srcset=\"https:\/\/sindesvdf.com.br\/news\/wp-content\/uploads\/2019\/03\/button_informe-de-pagamento-irpf-plano-de-saude.png 529w, https:\/\/sindesvdf.com.br\/news\/wp-content\/uploads\/2019\/03\/button_informe-de-pagamento-irpf-plano-de-saude-300x23.png 300w, https:\/\/sindesvdf.com.br\/news\/wp-content\/uploads\/2019\/03\/button_informe-de-pagamento-irpf-plano-de-saude-150x11.png 150w, https:\/\/sindesvdf.com.br\/news\/wp-content\/uploads\/2019\/03\/button_informe-de-pagamento-irpf-plano-de-saude-250x19.png 250w\" sizes=\"auto, (max-width: 745px) 100vw, 745px\" \/><\/a><\/figure>\r\n<p>&nbsp;<\/p>\r\n\r\n\r\n<hr class=\"wp-block-separator\" \/>\r\n\r\n\r\n<p style=\"text-align: center;\"><span style=\"font-size: 20px;\">Caso tenha algum problema para efetuar o cadastro e emitir o demonstrativo atrav\u00e9s do nosso site, voc\u00ea poder\u00e1 solicitar o demonstrativo de gastos com\u00a0 Plano de Sa\u00fade para fins de declara\u00e7\u00e3o de imposto de renda enviando email para:<b><a href=\"mailto:planodesaudesindesv@gmail.com\" target=\"_blank\" rel=\"noreferrer noopener\" aria-label=\" (abre numa nova aba)\">\u00a0planodesaudesindesv@gmail.com<\/a>\u00a0<\/b>aos cuidados de <strong>Jania<\/strong><br \/><em>(N\u00e3o esquecer de enviar a solicita\u00e7\u00e3o com o nome completo e CPF)<\/em> <\/span><\/p>\r\n\r\n\r\n<hr class=\"wp-block-separator is-style-wide\" \/>\r\n\r\n\r\n<p style=\"font-size: 20px; text-align: center;\"><span style=\"font-size: 22px;\"><em>Obs.: Vale lembrar que a emiss\u00e3o atrav\u00e9s do site \u00e9 o caminho mais r\u00e1pido para obter o demonstrativo, visto que em fun\u00e7\u00e3o do volume de e-mails recebido para a emiss\u00e3o do mesmo, acarretar\u00e1 na demora de resposta.\u00a0<\/em>\u00a0<\/span><\/p>\r\n<p class=\"wpf_wrapper\"><a class=\"print_link\" href=\"\" target=\"_blank\">Preparar para impress\u00e3o<\/a><\/p><!-- .wpf_wrapper -->","protected":false},"excerpt":{"rendered":"<p>Para emitir o demostrativo de gastos com Plano de Sa\u00fade para fins de declara\u00e7\u00e3o de Imposto de Renda clique no&hellip; <\/p>\n","protected":false},"author":1,"featured_media":0,"parent":0,"menu_order":0,"comment_status":"closed","ping_status":"closed","template":"","meta":{"footnotes":""},"class_list":["post-2566","page","type-page","status-publish","hentry"],"_links":{"self":[{"href":"https:\/\/sindesvdf.com.br\/news\/wp-json\/wp\/v2\/pages\/2566","targetHints":{"allow":["GET"]}}],"collection":[{"href":"https:\/\/sindesvdf.com.br\/news\/wp-json\/wp\/v2\/pages"}],"about":[{"href":"https:\/\/sindesvdf.com.br\/news\/wp-json\/wp\/v2\/types\/page"}],"author":[{"embeddable":true,"href":"https:\/\/sindesvdf.com.br\/news\/wp-json\/wp\/v2\/users\/1"}],"replies":[{"embeddable":true,"href":"https:\/\/sindesvdf.com.br\/news\/wp-json\/wp\/v2\/comments?post=2566"}],"version-history":[{"count":56,"href":"https:\/\/sindesvdf.com.br\/news\/wp-json\/wp\/v2\/pages\/2566\/revisions"}],"predecessor-version":[{"id":15944,"href":"https:\/\/sindesvdf.com.br\/news\/wp-json\/wp\/v2\/pages\/2566\/revisions\/15944"}],"wp:attachment":[{"href":"https:\/\/sindesvdf.com.br\/news\/wp-json\/wp\/v2\/media?parent=2566"}],"curies":[{"name":"wp","href":"https:\/\/api.w.org\/{rel}","templated":true}]}}